{"id":398,"date":"2021-01-23T18:46:49","date_gmt":"2021-01-23T18:46:49","guid":{"rendered":"https:\/\/www.graphicsdp.com\/?page_id=398"},"modified":"2026-04-13T20:55:52","modified_gmt":"2026-04-13T20:55:52","slug":"avisos-en-panaflex","status":"publish","type":"page","link":"https:\/\/www.graphicsdp.com\/index.php\/avisos-en-panaflex\/","title":{"rendered":"Avisos en Panaflex"},"content":{"rendered":"<div class=\"et_pb_section_0 et_pb_section et_pb_fullwidth_section et_section_regular et_block_section section_has_divider et_pb_bottom_divider\">\n<div class=\"et_pb_fullwidth_slider_0 et_pb_slider et_pb_module\"><div class=\"et_pb_slides\">\n<div class=\"et_pb_slide_0 et_pb_slide et_pb_media_alignment_center et_pb_bg_layout_dark et_pb_text_align_left\" data-slide-id=\"divi\/slide-0\"><div class=\"et_pb_container\"><div class=\"et_pb_slider_container_inner\"><div class=\"et_pb_slide_description\"><h2 class=\"et_pb_slide_title\"><a href=\"https:\/\/api.whatsapp.com\/send?phone=573007700511&#038;text=Hola%2C%20necesito%20informaci%C3%B3n%20acerca%20de%3A\" target=\"on\" class=\"et_pb_slide_title_link\">\ud83d\udd25 Avisos en Panaflex<\/a><\/h2><\/div><\/div><\/div><\/div>\n<\/div><\/div>\n<div class=\"et_pb_bottom_inside_divider et-no-transition\"><\/div><\/div>\n\n<div class=\"et_pb_section_1 et_pb_section et_section_regular et_block_section\">\n<div class=\"et_pb_row_0 et_pb_row et_block_row\">\n<div class=\"et_pb_column_0 et_pb_column et_pb_column_4_4 et-last-child et_block_column et_pb_css_mix_blend_mode_passthrough\">\n<div class=\"et_pb_text_0 et_pb_text et_pb_bg_layout_light et_pb_module et_block_module\"><div class=\"et_pb_text_inner\"><h1 style=\"text-align: center;\"><span style=\"color: #008080;\"><span style=\"color: #800080;\"><strong>\u2728 Mira nuestro \u00faltimo proyecto realizado \u2728<\/strong><\/span><br \/><\/span><\/h1>\n<p data-start=\"566\" data-end=\"646\" style=\"text-align: center;\"><span style=\"color: #808080;\">Calidad e instalaci\u00f3n profesional garantizada<\/span><\/p>\n<p><span style=\"color: #008080;\"><\/span><\/p>\n<\/div><\/div>\n<\/div>\n<\/div>\n<\/div>\n\n<div class=\"et_pb_section_2 et_pb_section et_pb_fullwidth_section et_section_regular et_block_section\">\n<div class=\"et_pb_fullwidth_portfolio_0 et_pb_fullwidth_portfolio et_pb_bg_layout_light et_pb_text_align_center et_pb_fullwidth_portfolio_grid clearfix et_pb_module et_grid_module\" data-auto-rotate=\"off\" data-auto-rotate-speed=\"7000\"><div class=\"et_pb_portfolio_items et_grid_module\" data-portfolio-columns=\"\"><div class=\"et_pb_fullwidth_portfolio_item_0_0 et_pb_portfolio_item et_pb_grid_item post-821 project type-project status-publish has-post-thumbnail hentry project_category-gran-formato project_category-imagen-corporativa project_category-impresion-digital project_category-microperforados\" id=\"821\"><div class=\"et_pb_portfolio_image landscape\"><img loading=\"lazy\" decoding=\"async\" src=\"https:\/\/www.graphicsdp.com\/wp-content\/uploads\/2026\/04\/microperforadoenvidriobarranquilla2-510x382.jpg\" class=\"wp-image-823\" alt=\"Instalaci\u00f3n microperforado sobre fachada en vidrio!\" title=\"Instalaci\u00f3n microperforado sobre fachada en vidrio!\" width=\"510\" height=\"382\" srcset=\"https:\/\/www.graphicsdp.com\/wp-content\/uploads\/2026\/04\/microperforadoenvidriobarranquilla2.jpg 479w, https:\/\/www.graphicsdp.com\/wp-content\/uploads\/2026\/04\/microperforadoenvidriobarranquilla2-510x382.jpg 480w\" sizes=\"(max-width:479px) 479px, 100vw\" \/><div class=\"meta\"><a href=\"https:\/\/www.graphicsdp.com\/index.php\/project\/instalacion-microperforado-sobre-fachada-en-vidrio\/\"><span class=\"et_overlay\" data-icon-tablet=\"\" data-icon-phone=\"\" data-icon-sticky=\"\"><\/span><h3 class=\"et_pb_module_header\">Instalaci\u00f3n microperforado sobre fachada en vidrio!<\/h3><p class=\"post-meta\">April 13, 2026<\/p><\/a><\/div><\/div><\/div><div class=\"et_pb_fullwidth_portfolio_item_0_1 et_pb_portfolio_item et_pb_grid_item post-737 project type-project status-publish has-post-thumbnail hentry project_category-avisos-en-acrilico project_category-gran-formato project_category-imagen-corporativa project_category-impresion-digital project_category-senalizacion project_category-vinilo-adhesivo\" id=\"737\"><div class=\"et_pb_portfolio_image landscape\"><img loading=\"lazy\" decoding=\"async\" src=\"https:\/\/www.graphicsdp.com\/wp-content\/uploads\/2026\/04\/Decoracion-y-acabados-en-acrilico-para-fachada-cafe-bleu-alianza-francesa-510x382.jpg\" class=\"wp-image-738\" alt=\"Decoraci\u00f3n y acabados en acrilico para fachada caf\u00e9 bleu, alianza francesa\" title=\"Decoraci\u00f3n y acabados en acrilico para fachada caf\u00e9 bleu, alianza francesa\" width=\"510\" height=\"382\" srcset=\"https:\/\/www.graphicsdp.com\/wp-content\/uploads\/2026\/04\/Decoracion-y-acabados-en-acrilico-para-fachada-cafe-bleu-alianza-francesa.jpg 479w, https:\/\/www.graphicsdp.com\/wp-content\/uploads\/2026\/04\/Decoracion-y-acabados-en-acrilico-para-fachada-cafe-bleu-alianza-francesa-510x382.jpg 480w\" sizes=\"(max-width:479px) 479px, 100vw\" \/><div class=\"meta\"><a href=\"https:\/\/www.graphicsdp.com\/index.php\/project\/decoracion-y-acabados-en-acrilico-para-fachada-cafe-bleu-alianza-francesa\/\"><span class=\"et_overlay\" data-icon-tablet=\"\" data-icon-phone=\"\" data-icon-sticky=\"\"><\/span><h3 class=\"et_pb_module_header\">Decoraci\u00f3n y acabados en acrilico para fachada caf\u00e9 bleu, alianza francesa<\/h3><p class=\"post-meta\">April 13, 2026<\/p><\/a><\/div><\/div><\/div><div class=\"et_pb_fullwidth_portfolio_item_0_2 et_pb_portfolio_item et_pb_grid_item post-732 project type-project status-publish has-post-thumbnail hentry project_category-gran-formato project_category-imagen-corporativa project_category-impresion-digital project_category-microperforados\" id=\"732\"><div class=\"et_pb_portfolio_image landscape\"><img loading=\"lazy\" decoding=\"async\" src=\"https:\/\/www.graphicsdp.com\/wp-content\/uploads\/2026\/04\/microperforado_graphicsdp.com_-510x382.jpg\" class=\"wp-image-733\" alt=\"Dise\u00f1o, impresi\u00f3n e instalaci\u00f3n de microperforado para fachada\" title=\"Dise\u00f1o, impresi\u00f3n e instalaci\u00f3n de microperforado para fachada\" width=\"510\" height=\"382\" srcset=\"https:\/\/www.graphicsdp.com\/wp-content\/uploads\/2026\/04\/microperforado_graphicsdp.com_.jpg 479w, https:\/\/www.graphicsdp.com\/wp-content\/uploads\/2026\/04\/microperforado_graphicsdp.com_-510x382.jpg 480w\" sizes=\"(max-width:479px) 479px, 100vw\" \/><div class=\"meta\"><a href=\"https:\/\/www.graphicsdp.com\/index.php\/project\/diseno-impresion-e-instalacion-de-microperforado-para-fachada\/\"><span class=\"et_overlay\" data-icon-tablet=\"\" data-icon-phone=\"\" data-icon-sticky=\"\"><\/span><h3 class=\"et_pb_module_header\">Dise\u00f1o, impresi\u00f3n e instalaci\u00f3n de microperforado para fachada<\/h3><p class=\"post-meta\">April 13, 2026<\/p><\/a><\/div><\/div><\/div><div class=\"et_pb_fullwidth_portfolio_item_0_3 et_pb_portfolio_item et_pb_grid_item post-720 project type-project status-publish has-post-thumbnail hentry project_category-gran-formato project_category-imagen-corporativa project_category-vinilo-adhesivo\" id=\"720\"><div class=\"et_pb_portfolio_image landscape\"><img loading=\"lazy\" decoding=\"async\" src=\"https:\/\/www.graphicsdp.com\/wp-content\/uploads\/2026\/04\/decoraciondivisionesinternas_graphicsdp.com2_-510x382.jpg\" class=\"wp-image-722\" alt=\"Decoraci\u00f3n de divisiones internas, estilo chic centro comercial nuestro atl\u00e1ntico.\" title=\"Decoraci\u00f3n de divisiones internas, estilo chic centro comercial nuestro atl\u00e1ntico.\" width=\"510\" height=\"382\" srcset=\"https:\/\/www.graphicsdp.com\/wp-content\/uploads\/2026\/04\/decoraciondivisionesinternas_graphicsdp.com2_.jpg 479w, https:\/\/www.graphicsdp.com\/wp-content\/uploads\/2026\/04\/decoraciondivisionesinternas_graphicsdp.com2_-510x382.jpg 480w\" sizes=\"(max-width:479px) 479px, 100vw\" \/><div class=\"meta\"><a href=\"https:\/\/www.graphicsdp.com\/index.php\/project\/decoracion-de-divisiones-internas-estilo-chic-centro-comercial-nuestro-atlantico\/\"><span class=\"et_overlay\" data-icon-tablet=\"\" data-icon-phone=\"\" data-icon-sticky=\"\"><\/span><h3 class=\"et_pb_module_header\">Decoraci\u00f3n de divisiones internas, estilo chic centro comercial nuestro atl\u00e1ntico.<\/h3><p class=\"post-meta\">April 13, 2026<\/p><\/a><\/div><\/div><\/div><div class=\"et_pb_fullwidth_portfolio_item_0_4 et_pb_portfolio_item et_pb_grid_item post-714 project type-project status-publish has-post-thumbnail hentry project_category-gran-formato project_category-impresion-digital\" id=\"714\"><div class=\"et_pb_portfolio_image landscape\"><img loading=\"lazy\" decoding=\"async\" src=\"https:\/\/www.graphicsdp.com\/wp-content\/uploads\/2026\/04\/impresiondigital_graphicsdp.com_-510x382.jpg\" class=\"wp-image-715\" alt=\"Impresi\u00f3n digital a gran formato, porta pend\u00f3n tipo ara\u00f1a evento FICICA 2025\" title=\"Impresi\u00f3n digital a gran formato, porta pend\u00f3n tipo ara\u00f1a evento FICICA 2025\" width=\"510\" height=\"382\" srcset=\"https:\/\/www.graphicsdp.com\/wp-content\/uploads\/2026\/04\/impresiondigital_graphicsdp.com_.jpg 479w, https:\/\/www.graphicsdp.com\/wp-content\/uploads\/2026\/04\/impresiondigital_graphicsdp.com_-510x382.jpg 480w\" sizes=\"(max-width:479px) 479px, 100vw\" \/><div class=\"meta\"><a href=\"https:\/\/www.graphicsdp.com\/index.php\/project\/impresion-digital-a-gran-formato-porta-pendon-tipo-arana-evento-ficica-2025\/\"><span class=\"et_overlay\" data-icon-tablet=\"\" data-icon-phone=\"\" data-icon-sticky=\"\"><\/span><h3 class=\"et_pb_module_header\">Impresi\u00f3n digital a gran formato, porta pend\u00f3n tipo ara\u00f1a evento FICICA 2025<\/h3><p class=\"post-meta\">April 13, 2026<\/p><\/a><\/div><\/div><\/div><div class=\"et_pb_fullwidth_portfolio_item_0_5 et_pb_portfolio_item et_pb_grid_item post-701 project type-project status-publish has-post-thumbnail hentry project_category-gran-formato project_category-imagen-corporativa project_category-impresion-digital project_category-vinilo-adhesivo\" id=\"701\"><div class=\"et_pb_portfolio_image landscape\"><img loading=\"lazy\" decoding=\"async\" src=\"https:\/\/www.graphicsdp.com\/wp-content\/uploads\/2026\/04\/Decoracion-fachada-en-microperforado-registraduria-naciona-graphicsdp.com_-510x382.jpg\" class=\"wp-image-702\" alt=\"Decoraci\u00f3n fachada en microperforado registraduria nacional\" title=\"Decoraci\u00f3n fachada en microperforado registraduria nacional\" width=\"510\" height=\"382\" srcset=\"https:\/\/www.graphicsdp.com\/wp-content\/uploads\/2026\/04\/Decoracion-fachada-en-microperforado-registraduria-naciona-graphicsdp.com_.jpg 479w, https:\/\/www.graphicsdp.com\/wp-content\/uploads\/2026\/04\/Decoracion-fachada-en-microperforado-registraduria-naciona-graphicsdp.com_-510x382.jpg 480w\" sizes=\"(max-width:479px) 479px, 100vw\" \/><div class=\"meta\"><a href=\"https:\/\/www.graphicsdp.com\/index.php\/project\/decoracion-fachada-en-microperforado-registraduria-nacional\/\"><span class=\"et_overlay\" data-icon-tablet=\"\" data-icon-phone=\"\" data-icon-sticky=\"\"><\/span><h3 class=\"et_pb_module_header\">Decoraci\u00f3n fachada en microperforado registraduria nacional<\/h3><p class=\"post-meta\">April 13, 2026<\/p><\/a><\/div><\/div><\/div><div class=\"et_pb_fullwidth_portfolio_item_0_6 et_pb_portfolio_item et_pb_grid_item post-596 project type-project status-publish has-post-thumbnail hentry project_category-gran-formato project_category-imagen-corporativa\" id=\"596\"><div class=\"et_pb_portfolio_image landscape\"><img loading=\"lazy\" decoding=\"async\" src=\"https:\/\/www.graphicsdp.com\/wp-content\/uploads\/2023\/12\/b4e979d0-f911-498f-b31c-9431b6730d30-510x382.jpg\" class=\"wp-image-598\" alt=\"Alfonso Stummo\" title=\"Alfonso Stummo\" width=\"510\" height=\"382\" srcset=\"https:\/\/www.graphicsdp.com\/wp-content\/uploads\/2023\/12\/b4e979d0-f911-498f-b31c-9431b6730d30.jpg 479w, https:\/\/www.graphicsdp.com\/wp-content\/uploads\/2023\/12\/b4e979d0-f911-498f-b31c-9431b6730d30-510x382.jpg 480w\" sizes=\"(max-width:479px) 479px, 100vw\" \/><div class=\"meta\"><a href=\"https:\/\/www.graphicsdp.com\/index.php\/project\/alfonso-stummo\/\"><span class=\"et_overlay\" data-icon-tablet=\"\" data-icon-phone=\"\" data-icon-sticky=\"\"><\/span><h3 class=\"et_pb_module_header\">Alfonso Stummo<\/h3><p class=\"post-meta\">December 20, 2023<\/p><\/a><\/div><\/div><\/div><div class=\"et_pb_fullwidth_portfolio_item_0_7 et_pb_portfolio_item et_pb_grid_item post-405 project type-project status-publish has-post-thumbnail hentry project_category-avisos project_category-gran-formato project_category-marco-aluminio\" id=\"405\"><div class=\"et_pb_portfolio_image landscape\"><img loading=\"lazy\" decoding=\"async\" src=\"https:\/\/www.graphicsdp.com\/wp-content\/uploads\/2021\/01\/alianza-francesa.png\" class=\"wp-image-406\" alt=\"Alianza Francesa\" title=\"Alianza Francesa\" width=\"382\" height=\"382\" srcset=\"https:\/\/www.graphicsdp.com\/wp-content\/uploads\/2021\/01\/alianza-francesa.png 479w, https:\/\/www.graphicsdp.com\/wp-content\/uploads\/2021\/01\/alianza-francesa.png 480w\" sizes=\"(max-width:479px) 479px, 100vw\" srcset=\"https:\/\/www.graphicsdp.com\/wp-content\/uploads\/2021\/01\/alianza-francesa.png 414w, https:\/\/www.graphicsdp.com\/wp-content\/uploads\/2021\/01\/alianza-francesa-300x300.png 300w, https:\/\/www.graphicsdp.com\/wp-content\/uploads\/2021\/01\/alianza-francesa-150x150.png 150w\" \/><div class=\"meta\"><a href=\"https:\/\/www.graphicsdp.com\/index.php\/project\/alianza-francesa\/\"><span class=\"et_overlay\" data-icon-tablet=\"\" data-icon-phone=\"\" data-icon-sticky=\"\"><\/span><h3 class=\"et_pb_module_header\">Alianza Francesa<\/h3><p class=\"post-meta\">January 23, 2021<\/p><\/a><\/div><\/div><\/div><div class=\"et_pb_fullwidth_portfolio_item_0_8 et_pb_portfolio_item et_pb_grid_item post-375 project type-project status-publish has-post-thumbnail hentry project_category-marco-aluminio\" id=\"375\"><div class=\"et_pb_portfolio_image landscape\"><img loading=\"lazy\" decoding=\"async\" src=\"https:\/\/www.graphicsdp.com\/wp-content\/uploads\/2021\/01\/marco-aluminio.png\" class=\"wp-image-376\" alt=\"Aviso en Marco de Aluminio\" title=\"Aviso en Marco de Aluminio\" width=\"382\" height=\"382\" srcset=\"https:\/\/www.graphicsdp.com\/wp-content\/uploads\/2021\/01\/marco-aluminio.png 479w, https:\/\/www.graphicsdp.com\/wp-content\/uploads\/2021\/01\/marco-aluminio.png 480w\" sizes=\"(max-width:479px) 479px, 100vw\" srcset=\"https:\/\/www.graphicsdp.com\/wp-content\/uploads\/2021\/01\/marco-aluminio.png 414w, https:\/\/www.graphicsdp.com\/wp-content\/uploads\/2021\/01\/marco-aluminio-300x300.png 300w, https:\/\/www.graphicsdp.com\/wp-content\/uploads\/2021\/01\/marco-aluminio-150x150.png 150w\" \/><div class=\"meta\"><a href=\"https:\/\/www.graphicsdp.com\/index.php\/project\/aviso-en-marco-de-aluminio\/\"><span class=\"et_overlay\" data-icon-tablet=\"\" data-icon-phone=\"\" data-icon-sticky=\"\"><\/span><h3 class=\"et_pb_module_header\">Aviso en Marco de Aluminio<\/h3><p class=\"post-meta\">January 23, 2021<\/p><\/a><\/div><\/div><\/div><div class=\"et_pb_fullwidth_portfolio_item_0_9 et_pb_portfolio_item et_pb_grid_item post-336 project type-project status-publish has-post-thumbnail hentry project_category-gran-formato project_category-impresion-digital\" id=\"336\"><div class=\"et_pb_portfolio_image landscape\"><img loading=\"lazy\" decoding=\"async\" src=\"https:\/\/www.graphicsdp.com\/wp-content\/uploads\/2021\/01\/ipuc1.png\" class=\"wp-image-337\" alt=\"Decoraci\u00f3n Tarima IPUC 2020\" title=\"Decoraci\u00f3n Tarima IPUC 2020\" width=\"382\" height=\"382\" srcset=\"https:\/\/www.graphicsdp.com\/wp-content\/uploads\/2021\/01\/ipuc1.png 479w, https:\/\/www.graphicsdp.com\/wp-content\/uploads\/2021\/01\/ipuc1.png 480w\" sizes=\"(max-width:479px) 479px, 100vw\" srcset=\"https:\/\/www.graphicsdp.com\/wp-content\/uploads\/2021\/01\/ipuc1.png 414w, https:\/\/www.graphicsdp.com\/wp-content\/uploads\/2021\/01\/ipuc1-300x300.png 300w, https:\/\/www.graphicsdp.com\/wp-content\/uploads\/2021\/01\/ipuc1-150x150.png 150w\" \/><div class=\"meta\"><a href=\"https:\/\/www.graphicsdp.com\/index.php\/project\/decoracion-tarima-ipuc-2020\/\"><span class=\"et_overlay\" data-icon-tablet=\"\" data-icon-phone=\"\" data-icon-sticky=\"\"><\/span><h3 class=\"et_pb_module_header\">Decoraci\u00f3n Tarima IPUC 2020<\/h3><p class=\"post-meta\">January 23, 2021<\/p><\/a><\/div><\/div><\/div><div class=\"et_pb_fullwidth_portfolio_item_0_10 et_pb_portfolio_item et_pb_grid_item post-194 project type-project status-publish has-post-thumbnail hentry project_category-gran-formato\" id=\"194\"><div class=\"et_pb_portfolio_image landscape\"><img loading=\"lazy\" decoding=\"async\" src=\"https:\/\/www.graphicsdp.com\/wp-content\/uploads\/2021\/01\/pendones.jpg\" class=\"wp-image-195\" alt=\"Pendones\" title=\"Pendones\" width=\"382\" height=\"382\" srcset=\"https:\/\/www.graphicsdp.com\/wp-content\/uploads\/2021\/01\/pendones.jpg 479w, https:\/\/www.graphicsdp.com\/wp-content\/uploads\/2021\/01\/pendones.jpg 480w\" sizes=\"(max-width:479px) 479px, 100vw\" srcset=\"https:\/\/www.graphicsdp.com\/wp-content\/uploads\/2021\/01\/pendones.jpg 414w, https:\/\/www.graphicsdp.com\/wp-content\/uploads\/2021\/01\/pendones-300x300.jpg 300w, https:\/\/www.graphicsdp.com\/wp-content\/uploads\/2021\/01\/pendones-150x150.jpg 150w\" \/><div class=\"meta\"><a href=\"https:\/\/www.graphicsdp.com\/index.php\/project\/pendones\/\"><span class=\"et_overlay\" data-icon-tablet=\"\" data-icon-phone=\"\" data-icon-sticky=\"\"><\/span><h3 class=\"et_pb_module_header\">Pendones<\/h3><p class=\"post-meta\">January 22, 2021<\/p><\/a><\/div><\/div><\/div><\/div><\/div>\n<\/div>","protected":false},"excerpt":{"rendered":"","protected":false},"author":1,"featured_media":0,"parent":0,"menu_order":0,"comment_status":"closed","ping_status":"closed","template":"","meta":{"_joinchat":[],"footnotes":""},"class_list":["post-398","page","type-page","status-publish","hentry"],"_links":{"self":[{"href":"https:\/\/www.graphicsdp.com\/index.php\/wp-json\/wp\/v2\/pages\/398","targetHints":{"allow":["GET"]}}],"collection":[{"href":"https:\/\/www.graphicsdp.com\/index.php\/wp-json\/wp\/v2\/pages"}],"about":[{"href":"https:\/\/www.graphicsdp.com\/index.php\/wp-json\/wp\/v2\/types\/page"}],"author":[{"embeddable":true,"href":"https:\/\/www.graphicsdp.com\/index.php\/wp-json\/wp\/v2\/users\/1"}],"replies":[{"embeddable":true,"href":"https:\/\/www.graphicsdp.com\/index.php\/wp-json\/wp\/v2\/comments?post=398"}],"version-history":[{"count":7,"href":"https:\/\/www.graphicsdp.com\/index.php\/wp-json\/wp\/v2\/pages\/398\/revisions"}],"predecessor-version":[{"id":778,"href":"https:\/\/www.graphicsdp.com\/index.php\/wp-json\/wp\/v2\/pages\/398\/revisions\/778"}],"wp:attachment":[{"href":"https:\/\/www.graphicsdp.com\/index.php\/wp-json\/wp\/v2\/media?parent=398"}],"curies":[{"name":"wp","href":"https:\/\/api.w.org\/{rel}","templated":true}]}}